Let r = 4 + -2. Let o(u) = 7*u**2 - 2*u - 4. Let l be o(4). Suppose 0 = -r*z - 3*z + l. Calculate the remainder when z is divided by 11.
9
Suppose 227 = 4*o - 77. Calculate the remainder when o is divided by 180/7 + (-8)/(-196)*7.
24
Let v be ((-27)/2 - 1)*-6. Suppose -5*a + v = 17. Calculate the remainder when 27 is divided by a.
13
Let l(g) = g**2 - 11*g - 19. Calculate the remainder when l(13) is divided by 4.
3
Let o = 3 - 1. Suppose 3*p - 15 = 2*c, -5*c = 2*p - 0*p - 10. Calculate the remainder when p is divided by o.
1
Let x(j) = -j**3 + 5*j**2 - j - 4. Let y be x(4). Let c = -4 + y. Suppose c*t - 21 = 23. Calculate the remainder when t is divided by 4.
3
Let n = -8 - -11. Calculate the remainder when (6/(-15))/(n/(-135)) is divided by 10.
8
What is the remainder when 97 is divided by ((-12)/(-9))/((-6)/(-45))?
7
Let w(z) = -z**3 + 6*z**2 + 7*z - 6. Let p = -17 + 32. Let c be (-6)/p - 64/(-10). What is the remainder when w(c) is divided by 19?
17
What is the remainder when 31 is divided by (-2)/(-8)*(-1 - -45)?
9
Suppose -74 = -3*t - 5*i, 2*i + 10 = -3*t + 4*t. Suppose 0 = g + 3*d - 33, 0 = -5*g - 2*d - 14 + 179. What is the remainder when g is divided by t?
15
Let p(m) = -m**3 - 6*m**2 - 4*m + 4. Let t be p(-5). Let i be t*(-2 - 7)*1. Suppose -4*h - 45 = -i*h. Calculate the remainder when 17 is divided by h.
8
Suppose -l + 3*l - 20 = 0. Suppose 141 = 5*w - 4. What is the remainder when w is divided by l?
9
Suppose -5*q - 6 = -1. Calculate the remainder when -4*1 - q - -36 is divided by 17.
16
Suppose -25 = -5*q, -h = -2*h - 4*q + 31. What is the remainder when 30 is divided by h?
8
Let w(r) = 0 + 7*r + 3*r**3 - 2*r**3 + 7*r**2 + 7. Let s be w(-6). Suppose 33 = f - 4*h, 11 = -2*h + s. What is the remainder when 37 is divided by f?
11
Suppose 7*j - 3*j + n = 12, 4*j + 5*n = -4. Suppose -j = -3*m + 8. Let f(d) = d + 9. What is the remainder when m is divided by f(-7)?
0
Suppose 2*g - 5*g - 96 = -3*c, 0 = 4*c + 4*g - 144. Suppose -2*d - 3 = 5*l - 2, 3*d - 46 = 2*l. What is the remainder when c is divided by d?
10
Let n be 5/(-7) - (-4)/(-14). Let o be (-50)/(n - 2/(-4)). Suppose -3*q + 60 = -5*l, o = 5*q + l - 2*l. What is the remainder when q is divided by 7?
6
Suppose 4*c - 1 - 7 = -4*r, -5*c = r - 10. Suppose -4*o + 14 = -10. What is the remainder when o is divided by c?
0
Suppose 1 = -4*f + 113. Calculate the remainder when 137 is divided by f.
25
Let w = 38 - 22. Suppose -f = -2*s - 0*f + 98, f + 4 = 0. What is the remainder when s is divided by w?
15
Let z(v) = -2*v. Let h be z(-1). Suppose -5*f = 17 - h. Let m = 5 - f. What is the remainder when 22 is divided by m?
6
Suppose 5*i = 4*l + 273, 5*l = -3*i + 2*l + 153. Let x = -3 + 5. Suppose 4*k - x*y - 3 = 77, 2*k = -2*y + 28. What is the remainder when i is divided by k?
17
Let o = 519 - 503. Let q(p) = -4*p**2 + p + 1. Let r be q(-1). What is the remainder when r/(-2) + -2 - -46 is divided by o?
14
Let q = -1 - -14. Let g = -1 + 6. Calculate the remainder when q is divided by g.
3
Suppose 5*r = 5*b + 125, r + b = 9 + 6. Calculate the remainder when r is divided by 11.
9
Let y(w) = 2*w**2 - 29*w + 66. What is the remainder when y(19) is divided by 17?
16
Suppose -5*y + 16 = -5*z + 61, -3*z - 5*y + 19 = 0. Calculate the remainder when 36/2 + 8/((-16)/(-10)) is divided by z.
7
Let g = 22 + -2. Calculate the remainder when ((-4)/5)/((-36)/2610) is divided by g.
18
Suppose 6*v - 2*v = 508. Suppose -4*b + 13 = -v. What is the remainder when b is divided by 9?
8
Suppose 3*n - 6 = 42. Let r = 32 - n. Suppose -s + r + 13 = 0. What is the remainder when s is divided by 10?
9
Calculate the remainder when (-148)/(-2)*1 + -2 is divided by 15.
12
Suppose -2*c + h + 5 = -2, 3*c - 2*h = 11. Suppose g - 9 = c*j, -2*g = 3*j - 28 - 17. What is the remainder when g is divided by 7?
4
Let r = -183 + 192. Suppose -15 = -5*c + 2*c. Suppose -c*y = -2 - 123. Calculate the remainder when y is divided by r.
7
Let z(n) = 13*n**2 - 7*n + 8. Calculate the remainder when z(3) is divided by 21.
20
Suppose o + o + y - 40 = 0, -4*y - 80 = -4*o. Suppose 2*q = 4*m - 34 - 108, -4*q - o = 0. Let z = 61 - m. Calculate the remainder when z is divided by 10.
8
Calculate the remainder when 0/1 + 0 - -40 is divided by 1*2 + -8 + 20.
12
Calculate the remainder when 27 is divided by -10*15/10*4/(-10).
3
Let q(k) = k**3 - 13*k**2 + 26*k - 3. Calculate the remainder when q(11) is divided by 7.
6
Let h(l) = l**3 + 7*l**2 + 5*l + 8. Let o(c) = c**3 - 6*c**2 + 3*c + 4. Let q be o(5). Calculate the remainder when 40 is divided by h(q).
12
Let c(j) = 2*j**2 + 5*j - 5. Let h(p) = -6*p + 8. What is the remainder when h(-7) is divided by c(2)?
11
Suppose -v + 7*x = 2*x - 16, -4*x - 14 = -v. Calculate the remainder when 302/18 - (-2)/9 is divided by v.
5
Calculate the remainder when 89 is divided by -1 + -3 + 5 + 22.
20
Suppose 0*d + 5*d = 3*o - 31, -2*o + 4*d + 24 = 0. What is the remainder when 15/(0 + 3/o) is divided by 6?
4
Suppose 35 = 4*n - 45. Let a = n + -11. What is the remainder when a is divided by 5?
4
Suppose 47 = w + 3*w - 5*u, -2*u = -3*w + 44. What is the remainder when 106 is divided by w?
16
Let i = 81 - 50. What is the remainder when i is divided by 2?
1
Let o = -29 + 42. Calculate the remainder when 36 is divided by o.
10
Suppose 190 = -3*t + 211. Calculate the remainder when 102 is divided by t.
4
Suppose -102 - 123 = -5*h. Let t = h - 7. Suppose -5*b - 4*i + 90 = 0, 0 = 4*b - 2*i - 8 - t. Calculate the remainder when 25 is divided by b.
11
Let z(r) = r**2 - 2*r - 31. Let a(k) = k**2 - k - 31. Let l = 1 + -4. Let t(q) = l*a(q) + 2*z(q). What is the remainder when t(0) is divided by 16?
15
Let g = -162 - -172. Calculate the remainder when 38 is divided by g.
8
Let y be 3/(-1) + 34 - 1. Suppose -2*s - 5 = -l, -2*l - y = -4*l - s. What is the remainder when 50 is divided by l?
11
Let v(y) = -y**3 + 3*y**2 + 3*y - 2. Let u be v(2). Suppose -u = -p + 7. What is the remainder when 43 is divided by p?
13
Let k(m) = m**3 + 5*m**2 + m + 7. Let c be k(-5). Calculate the remainder when 37 is divided by 17 + 2 + 0/c.
18
Let p = 30 + -1. Calculate the remainder when 113 is divided by p.
26
Let a = 23 - 18. Calculate the remainder when 19 is divided by a.
4
Let m be (1 - -2) + (-8)/(-4). Suppose 0*z - 5*q = -2*z + 1, z = q + m. Calculate the remainder when 22 is divided by z.
6
Let k(c) = 3*c - 9. Let s(i) = -4*i + 10. Let u(b) = -6*k(b) - 5*s(b). Let v be u(-3). What is the remainder when 37 - v - (-1 + 2) is divided by 13?
12
Let q be 18/54 + 14/3. Suppose o = -3*j + 4, -2*j + 7*j - 3*o = 16. Suppose -q*g = -j*v - 20, 14 = 4*g - 2*v - 4. What is the remainder when 2 is divided by g?
0
Suppose m = -0*q - 4*q + 19, -2*m = -q - 2. Suppose -q*t + 63 = 3*v - 2*t, -t = -2*v + 49. What is the remainder when v is divided by 13?
10
Let q = -222 + 270. Calculate the remainder when q is divided by (4 - 2)/(2/17).
14
Let u = -71 + 158. Calculate the remainder when u is divided by 22.
21
Suppose 2*g + 4*p = p + 105, -258 = -5*g - 3*p. Suppose -5*s + 34 = -f, -3*f - g = s + 35. Let w = f + 52. What is the remainder when 68 is divided by w?
22
Let f(t) = 4*t - 9. Suppose 41*j - 37*j = 116. What is the remainder when j is divided by f(6)?
14
Let a(l) = -l**3 - 5*l**2 + 4*l + 6. Let i(h) = 5*h + 3. Let y(u) = -u + 1. Let m(p) = i(p) + 4*y(p). Calculate the remainder when a(-6) is divided by m(0).
4
Suppose 0 = 2*z - 17 - 11. What is the remainder when 41 is divided by z?
13
Let o = -64 - -125. Let i = o - 21. Suppose i = 3*r - 14. What is the remainder when 53 is divided by r?
17
Let q(w) = -3*w + 10. Let l(f) = -f + 1. Let a(m) = l(m) - q(m). Let z be (-3)/(18/(-8))*6. What is the remainder when 19 is divided by a(z)?
5
Suppose 0 = -c + 35 + 39. Suppose y - c = -y. Calculate the remainder when y is divided by 1/(-1) + -4 + 20 + -2.
11
Suppose 5*b + 10 = 0, -4*k - k + 26 = 2*b. Calculate the remainder when 15 is divided by k.
3
Let q be 2 + -3 + 2 + -7. Let n(i) = 10*i + 1. Let h be n(2). Calculate the remainder when 8 is divided by h/9 + (-4)/q.
2
Let t(f) = f**3 + 7*f**2 + 3*f - 8. Let c be t(-6). Let l = c + -3. Suppose -4*p + 16 = 2*k, k + k - 4*p = 0. Calculate the remainder when l is divided by k.
3
Let q = 3 - 10. Let p = q + 11. Supp